p be 926/11 - (2 + 160/(-88)). Suppose -4*a = 2*b - 16, -2*b + 28 = -3*a + a. What is the greatest common divisor of p and b?
12
Let q be 0/(-1)*1/2. Suppose q*w - 7 = -w + 3*o, 5*o + 10 = 0. Let h = -19 + 27. Calculate the greatest common divisor of w and h.
1
Let m = -31 + 76. What is the highest common factor of 9 and m?
9
Let l(f) = 0*f + 4*f**2 + 8*f + f. Let x be l(-6). Let u = 95 + -59. Calculate the greatest common divisor of x and u.
18
Let w(m) = -2*m - 6. Let k be (-27)/6 + 2/4. Let u be w(k). Suppose u*v = -4*i + 16, -4*v + 14 = -2*v + 2*i. Calculate the greatest common factor of 42 and v.
6
Let t = -32 + 131. What is the greatest common divisor of t and 9?
9
Suppose -3*m - 4*y = -160, 5*y - 2*y - 108 = -2*m. Calculate the highest common divisor of 6 and m.
6
Let b(g) = g**3 - 4*g**2 + 4*g - 4. Let m be b(3). Let j = 1 - m. What is the greatest common factor of j and 14?
2
Suppose c - 6*c = -490. Let x(g) = -g**2 + 9*g - 6. Let a be x(5). What is the highest common divisor of c and a?
14
Let h(u) = -u**2 + 8. Let c be h(0). Let y(w) = w**3 - 9*w**2 + 10*w - 9. Let f be y(c). Calculate the greatest common factor of 56 and f.
7
Let f(b) = -b**3 + b**2 + b + 42. Let t be f(0). Let p(c) = 17*c - 3. Let r be p(1). Calculate the highest common divisor of t and r.
14
Let u = 67 + -19. Suppose -5*v + v = -u. What is the highest common divisor of v and 8?
4
Let u = 3 + 1. Suppose 0 = 3*i + 2*i - 20. What is the highest common factor of i and u?
4
Suppose v - 4*z = 87, z + 49 = 5*v - 386. Calculate the highest common factor of 29 and v.
29
Let c be 20/3*12/10. Calculate the greatest common divisor of 8 and c.
8
Suppose -220 = -x - 17. Calculate the highest common divisor of x and 29.
29
Let n = 10 - 8. Let d be 2*(-2)/4*-1. Suppose -n = -3*m + d. Calculate the greatest common factor of 4 and m.
1
Let x be (-2 - 14)*(2 + -4 + 1). Suppose -h + 154 = -2*d, -24 + 153 = h + 3*d. Calculate the greatest common divisor of h and x.
16
Let m(y) = y + 1. Let q(o) = -o**2 + o + 5. Let n(b) = 2*m(b) - q(b). Let f be n(-4). What is the greatest common divisor of f and 99?
9
Let a be (-12 - -16) + 5*5. Suppose -4*y - a - 167 = -2*x, 5*y + 293 = 3*x. Suppose -3*q + 18 = -18. What is the highest common factor of x and q?
12
Let a = -73 + 136. Let k = -2 - -8. Suppose 5*z - 27 = -4*x, -2*z - x + 6 = -k. What is the greatest common divisor of z and a?
7
Suppose 4*d - 5*g = -1 + 17, 5*d = -4*g + 20. Suppose l - 130 = -0*l + 2*k, 5*l - 638 = d*k. Let v = 7 + 7. What is the greatest common factor of l and v?
14
Let x(n) = 4*n**2 - 3*n - 2. Let p = 1 - -3. Let o be x(p). Let v be (4 + -2)*o/4. Calculate the greatest common factor of v and 10.
5
Let a be (-12)/(-9)*(-69)/(-2). Suppose t - 6 = m, -m = 4*m - t + 14. Let d be ((-1)/2)/(m/92). Calculate the highest common divisor of a and d.
23
Suppose 3*n + 17 = n + 5*k, 0 = 4*k - 20. Let y be -25*(18/30)/((-6)/4). Calculate the highest common divisor of y and n.
2
Let m be (-1)/(1 - 70/68). Suppose -3*a + 46 = 2*u - 0*u, -2*a - u = -29. Let x be ((-68)/a)/(2/(-18)). Calculate the highest common factor of m and x.
17
Let v = 408 + -604. Let k = -111 - v. What is the highest common factor of 17 and k?
17
Suppose -2*b + 90 + 328 = 0. What is the highest common divisor of b and 19?
19
Let h = -8 + 1. Let i = h + 12. Let k = i + -2. Calculate the greatest common factor of 33 and k.
3
Suppose -1553 = 2*a - 565. Let y be a/(-5) - 2/(-10). Suppose -2*f = 4*i - 44, -3*f - 43 = -3*i - 7*f. What is the highest common factor of y and i?
9
Let d(n) = n**2 - 2*n - 4. Let u be d(3). Let f be (u - -11) + -3 + 2. Calculate the greatest common factor of 3 and f.
3
Let z be (-20*(-3 + (-45)/(-12)))/(-1). Calculate the highest common factor of 105 and z.
15
Suppose -5*k + 4 = -k, -3*k = f - 21. What is the highest common divisor of 126 and f?
18
Suppose 5*d + 2*c = 130, 3*d = 3*c - c + 62. What is the highest common factor of 24 and d?
24
Let o = 2 + 0. Suppose o*g = -0*g - 4*p + 238, -p + 235 = 2*g. What is the highest common factor of 13 and g?
13
Let n = 57 + -18. What is the greatest common factor of 234 and n?
39
Suppose -5*v + 4*f + 30 = -f, 0 = -4*v - 4*f. What is the greatest common factor of 15 and v?
3
Let v(n) = 2*n + 1. Let s be v(6). Let w = -96 - -200. What is the greatest common divisor of s and w?
13
Let r be 4/(-18) - (-8)/36. Let u be r - -118 - (0 - -1). Let c = 19 - 6. Calculate the highest common divisor of u and c.
13
Suppose -2*w - 2*t + 142 = 0, -4*t = 3*w + 2*w - 350. What is the greatest common factor of w and 6?
6
Suppose 0 = 2*c + 6 - 2. Let v be 0/c - (-374)/2. Let z(m) = 2*m**2 + 71*m - 19. Let y be z(-36). Calculate the greatest common factor of v and y.
17
Suppose 0 = 4*v - f + 80, 4*v + 0*f + 92 = 4*f. Let a = 68 + v. Let t = 15 + -8. Calculate the highest common divisor of a and t.
7
Let o(j) = -j**2 + 2*j + 50. Let q be o(0). Calculate the greatest common factor of 20 and q.
10
Let b = -16 - -27. Calculate the highest common factor of 11 and b.
11
Suppose 0 = o, -2*z - 2*o = -0*z + 2. Let b = 3 + 4. Let d = z + b. Calculate the highest common divisor of d and 2.
2
Let b(h) = -17*h + 3. Let c be b(-3). Let x be (c/4)/(2/(-16)). Let i be x*((-10)/4 + 2). Calculate the greatest common factor of i and 6.
6
Let w = 82 + -72. What is the highest common factor of w and 20?
10
Let l(r) = -32*r + 1. Let f be l(-1). Suppose 4*t - 8 = -4*o, 0*t + 13 = 3*t - 4*o. Calculate the greatest common divisor of f and t.
3
Let p = -136 - -261. Suppose -4*r - p = -9*r. Calculate the greatest common divisor of r and 5.
5
Let t be (-40)/(-7) + 4/14. Suppose -4*p + 24 = -0*p. What is the greatest common divisor of t and p?
6
Suppose 4*s = 3*q + 67, 0*s - 63 = 2*q + s. Let x = -13 - q. What is the greatest common divisor of x and 144?
16
Suppose -3*k = 0, -r - 3*k - 42 = 2*r. Let z = 21 + r. Calculate the greatest common factor of z and 56.
7
Let n be (-45)/(-10)*4/6. Suppose -3*d = 2*d + 25, -n*d = -r + 29. Suppose -321 = 5*q - 1091. Calculate the greatest common divisor of q and r.
14
Suppose 2*q + m + 129 = 0, 4*q + 0*m + 273 = 3*m. Let p be (-5599)/q - 1/(-6). What is the highest common divisor of 17 and p?
17
Let d = 113 + -253. Let k be (d/(-16))/((-3)/(-12)). What is the highest common divisor of 7 and k?
7
Suppose v = -1 + 4. Let g(z) = 4*z**2 - z. Let b be g(1). What is the greatest common factor of v and b?
3
Let r be 15/(-2)*(-3 - -1). Let x = -43 + 46. Calculate the highest common factor of r and x.
3
Suppose d - 2 + 12 = 0. Let w = d + 16. Let q(s) = s**3 - 4*s**2 + 3*s. Let u be q(w). Calculate the greatest common factor of u and 10.
10
Suppose -a + 2*a - 6 = 0. Suppose 4*c - 120 = -0*c. What is the highest common divisor of a and c?
6
Let o be (2 + -1)/(1/(-2)). Let a be (o/1 - -1) + 4. Suppose -a*r + 18 = -r. Calculate the highest common factor of 63 and r.
9
Let w = 457 + -313. Let o(n) = -n**2 + 9*n - 4. Let a be (-7)/(-1) + (-4)/2. Let p be o(a). Calculate the highest common factor of p and w.
16
Suppose 3 + 2 = -5*p. Let m = p + 4. Suppose m*o - 2*c - 134 = 0, -4*o - c + 162 = -2. What is the highest common divisor of 6 and o?
6
Let a be (13/2)/(13/104). Let v be (-26)/(-3)*(-6)/(-4). What is the greatest common factor of a and v?
13
Let a be (-48)/40*(-10)/2. Let r be (30/8)/((-4)/(-32)). Calculate the highest common factor of r and a.
6
Suppose g - 3 = -3*g - 5*r, 3*g + 2*r - 11 = 0. Let o be (14/(-6))/(1/(-15)). What is the highest common divisor of g and o?
7
Suppose -6*u = -u + y - 66, -4*u + y = -60. Calculate the greatest common divisor of u and 14.
14
Suppose 0 = -2*s + 96 - 10. What is the highest common divisor of 258 and s?
43
Let d = -9 + 17. Let y be (4/3)/((-1)/(-3)). Suppose -5*g + y*g = -72. What is the greatest common factor of g and d?
8
Suppose 2*r = 31 + 123. Calculate the greatest common factor of r and 11.
11
Let o be (-27)/7 - 9/63. Let d = 9 + o. Suppose d*a = -25, z - 3*z = 2*a - 26. Calculate the highest common factor of z and 198.
18
Let u(h) = h + 23. Let t be u(-12). Calculate the highest common factor of t and 44.
11
Let x(u) = 16*u + 5. Let z be x(10). What is the highest common divisor of 15 and z?
15
Suppose -5*h + 3*l = -14, -5*h + 2*l = -h - 12. Let r be h/(-6)*(-6)/4.